 - l - 34, 0 = -3*t - 5*l + 58 + 6. Calculate the greatest common divisor of t and k.
13
Let h = -119 + 217. Let r be 956/14 - 4/14. Let w = h - r. What is the greatest common divisor of 20 and w?
10
Let v(w) be the third derivative of -31*w**4/24 + 9*w**3/2 + 29*w**2. Let f be v(-11). Calculate the highest common factor of f and 46.
46
Let m be 4*(-3)/2 - (-5621)/11. What is the highest common divisor of 5 and m?
5
Suppose 0 = -2*g + 3*q - 8*q + 48, 54 = 5*g - 4*q. Calculate the highest common factor of g and 42.
14
Let i = 21 + -39. Let b = i - -26. Suppose 0 = 2*j - 2*w - 14 - b, 4*j - 3*w - 45 = 0. Calculate the highest common divisor of j and 3.
3
Let c(o) = 4*o**2 - 28*o + 6. Let g be c(7). Calculate the highest common factor of 33 and g.
3
Suppose -17*r + 39 = -63. What is the highest common divisor of 6 and r?
6
Suppose 5*q + 4*g - 5 - 5 = 0, -4*q = 2*g - 8. Suppose 5*c - q*c = 9. Suppose 0 = -0*z - z + 6. Calculate the greatest common factor of z and c.
3
Let k(m) = 4*m**2 - m. Let z be k(2). Let g(q) = q**3 - 14*q**2 + 25*q + 109. Let p be g(11). What is the highest common divisor of p and z?
7
Suppose -20*n + 4*x - 524 = -24*n, 5*n - 2*x - 676 = 0. What is the highest common factor of 1474 and n?
134
Suppose 2*d - 4*f + 369 = 7*d, -4*f = -3*d + 247. What is the highest common divisor of 28 and d?
7
Let g = 18 + -16. Let d be ((-8)/(-24))/(g/84). Let v(c) = -c**2 + 14*c + 18. Let x be v(d). What is the greatest common factor of x and 18?
18
Let b(g) = 2*g**2 - 6*g + 10. Let a be b(3). Let j be (16/10)/(2/5). Let v = j - -11. Calculate the highest common factor of a and v.
5
Let z(c) = -c**2 + 10*c - 1. Let w be z(8). Let v(h) = -h + 27. Let b be v(-12). Let d = b - w. What is the highest common factor of 16 and d?
8
Let d(q) = -q**3 + 43*q**2 + 147*q + 99. Let u be d(46). What is the greatest common divisor of 27 and u?
27
Suppose -i = -11*m + 12*m - 78, -4*i - 138 = -2*m. Calculate the highest common factor of m and 1075.
25
Suppose 3*u - 162 = 666. What is the greatest common factor of u and 92?
92
Let a be 1*-6*(4 - (-183)/(-18)). What is the highest common factor of a and 1?
1
Suppose -2*g - 18 = b, 0 = g + 1 + 4. Let u = b + 3. Let a be (-2)/5 + (-42)/u. What is the greatest common divisor of 72 and a?
8
Let i be ((-230)/50 + 5)*(-1 - -26). What is the greatest common divisor of 8 and i?
2
Let q(y) = -5*y**3 - 2*y + 2. Let n be q(2). Suppose -9*v = v - 180. Let o be (-4 - n/9)*v. Calculate the greatest common divisor of 2 and o.
2
Let i = 1 + 1. Suppose -4 = -i*s + 24. Suppose -3*r + 13 = -s. What is the greatest common divisor of 81 and r?
9
Let o(c) = 2*c - 1. Let s be o(0). Let u be 326 - s - (16 - 13). Suppose 0 = 6*b - 0*b - u. Calculate the highest common factor of 18 and b.
18
Let s = -5 - -9. Let g = 46 - 52. Let u be (0 + -3)*4/g. Calculate the greatest common divisor of s and u.
2
Let m(d) = d**3 + 2*d**2 + 2*d + 450. Let i be m(0). What is the greatest common divisor of 2 and i?
2
Let k = 901 - 892. What is the highest common factor of k and 72?
9
Let o(q) = q**2 - 9*q + 4. Let k be o(9). Suppose k*h - 160 = -h. Suppose 4*m - 8 - h = 0. Calculate the highest common divisor of m and 90.
10
Let v(k) = k - 1. Let o be v(6). Suppose o*d - 96 = d. Suppose 180*j = 262*j - 492. Calculate the highest common divisor of j and d.
6
Let t = -369 + 437. What is the greatest common factor of 16 and t?
4
Suppose 0 = 2*f - 3*f - 5*q - 12, 0 = -2*f + 4*q + 32. What is the greatest common factor of f and 40?
8
Suppose j = 5*q - 1572, -12*q = -3*q - 3*j - 2826. Calculate the greatest common divisor of q and 504.
63
Suppose -81 = -5*s + 69. Let p be s + 1 - (1 + 1). What is the greatest common divisor of 232 and p?
29
Let i(x) = -14*x - 17. Let k(o) = -o**2 - o - 2. Let g be k(2). Let d be i(g). Suppose 0*h + d = 5*h. Calculate the highest common divisor of 57 and h.
19
Let u(s) = 2*s - 10. Let j be u(6). Suppose n - l - j*l - 2 = 0, -l = n - 6. Suppose -n = -2*c + 17. Calculate the greatest common divisor of c and 33.
11
Suppose 0 = -186*c + 177*c + 2430. What is the highest common divisor of 126 and c?
18
Let m = 63 + -53. Let v(j) = 4*j**2 + 5*j - 4. Let w(l) = -l - 15. Let f be w(-11). Let h be v(f). What is the greatest common divisor of h and m?
10
Suppose 0 = -3*r + 4*r + 1, -3*r - 8 = -5*o. Let a = -144 + 76. Let h = -62 - a. What is the highest common factor of o and h?
1
Let a(m) = 3*m**2 - 11*m - 11. Let f be a(-3). Calculate the highest common divisor of f and 21.
7
Suppose 0 = 5*v + 62*p - 59*p - 198, 0 = -v + p + 38. What is the highest common factor of 26 and v?
13
Suppose 18*h - 17*h - 105 = 0. Let a = 10 - -5. What is the highest common divisor of h and a?
15
Let j be 1/8*-2 + (-820)/(-16). Suppose j = 6*p - 189. What is the highest common factor of 280 and p?
40
Suppose -4*x + 558 = m, -x + 61 + 81 = -m. Calculate the greatest common factor of x and 168.
28
Suppose 8*a + 471 = 4*p + 5*a, 3*a - 465 = -4*p. What is the highest common factor of p and 338?
13
Let h = 1 + 2. Let q = 7 + -5. Suppose -h*m + 5*m - 20 = q*f, 5*m - f - 34 = 0. Calculate the greatest common factor of 15 and m.
3
Suppose z - 6*z + 105 = 0. Suppose -5*a - 5*d = -90, 0*d - 51 = -2*a + d. Suppose 3*j - a = 19. What is the greatest common divisor of z and j?
7
Let m be (-1075)/(-430) - (-134)/4. Calculate the highest common factor of 81 and m.
9
Let j be (-12)/9 - (-479415)/279. What is the greatest common divisor of 17 and j?
17
Let n = -754 + 871. Calculate the highest common factor of n and 3159.
117
Let y be (-6 + 4 + 2)/1. Suppose 4*h + 7*h - 319 = y. Calculate the greatest common divisor of h and 116.
29
Suppose v + 4*v + 25 = 0. Let q be 20/6*v*18. Let j be -1*(-1)/((-4)/q). What is the greatest common factor of j and 25?
25
Let q(j) = 2*j + 10. Let n be q(6). What is the highest common divisor of n and 55?
11
Let i be ((-4)/(-10))/(3/15). Suppose -5*x = -i*x. Let r = 2 + x. What is the greatest common factor of 16 and r?
2
Let x = -99 + 147. Let v = x + -30. Let c be 6 - ((-16)/6)/(4/(72/1)). Calculate the greatest common divisor of v and c.
18
Let d(l) = -3 + 3 - 4 - 3*l + 5*l. Let r be d(3). Suppose 5*h - 3*h = r, 3*y - 485 = -5*h. Calculate the highest common factor of y and 20.
20
Let x be (-5)/(-10) - 17/(-2). Suppose -2*g - 234 = -4*r, 227 - 80 = 2*r + 5*g. Let z = -43 + r. What is the highest common divisor of z and x?
9
Let m = 5 - -17. Calculate the highest common factor of m and 55.
11
Suppose 9 + 3 = 4*f. Suppose u = -n + 24, -f*u + 50 = n - 22. What is the greatest common divisor of u and 12?
12
Let s(x) be the first derivative of x**4/2 - 5*x**3/3 - 5*x**2/2 + 8*x - 21. Let j be s(4). Calculate the highest common divisor of 9 and j.
9
Suppose 28*r - 735 + 175 = 0. Calculate the highest common factor of r and 64.
4
Let z be (-7294)/(-35) + (-6)/(-10). Suppose 0 = 2*j - 7 - 5. Suppose 5*v - 4*i + j*i - 105 = 0, -v - 3*i = -34. What is the highest common divisor of z and v?
19
Let o be (1 - 1)*2/(-4). Let v be 4 + (0 - (o + 16)). Let y = 14 + v. What is the highest common divisor of y and 4?
2
Suppose 2*l + 96 = 4*l. Let p = l - 12. What is the highest common factor of p and 48?
12
Let y be -4*(2 + -1 - (-102)/(-68)). Suppose 0*t = q + t - 5, -3*q + t + 11 = 0. What is the greatest common factor of q and y?
2
Let b = 21 - 13. Let t be ((-336)/49 + 8)*56. What is the greatest common factor of t and b?
8
Suppose 2*l - 41 = -35. Suppose 2*j - 6*j = l*d - 192, 0 = -3*j. Calculate the greatest common divisor of d and 96.
32
Suppose 24*h - 894 = 930. Calculate the greatest common factor of 8 and h.
4
Let u(q) = -4*q**2 - 51*q - 15. Let g be u(-12). What is the greatest common factor of 147 and g?
21
Let x = -816 - -1203. Calculate the greatest common divisor of x and 43.
43
Suppose 3*q + 174 = 5*h, q = 2*h + 2*q - 63. Calculate the greatest common divisor of h and 121.
11
Let y(r) = -r**2 + 4*r + 3. Let p be y(7). Let m be ((-3)/(-2))/(1 - (-17)/p). What is the highest common divisor of m and 216?
27
Suppose -2*m = 12*m - 504. Calculate the greatest common factor of 1386 and m.
18
Let x(j) = 4*j**3 - 41*j**2 - 32*j + 4. Let b be x(11). Let s(r) = -9*r - 3. Let p be s(-2). What is the highest common factor of b and p?
15
Let y = 7 - 3. 